
26
Let w = -28 - 0. Let z = -6 - w. Let c(h) = -3*h**3 + 147*h**2 + 4*h - 119. Calculate the remainder when c(49) is divided by z.
11
Suppose 0 = -8*v - 2 - 6, 0 = 3*k - 3*v - 846. Calculate the remainder when 320 is divided by k.
39
Suppose -62*u + 138*u - 912 = 0. What is the remainder when 908 is divided by u?
8
Suppose 579 = -3*b + 1159 - 538. What is the remainder when 19 is divided by b?
5
Let d = -1735 - -1760. Let j be (-172)/(-14) + 2/(-7). Calculate the remainder when 2/6 + 872/j is divided by d.
23
Let h(y) = y**3 - 23*y**2 - 35*y + 305. Calculate the remainder when 774 is divided by h(24).
36
Let g = -114 - -119. Suppose -4*t + 5*v + 419 = 8*v, 4*v + 547 = g*t. Calculate the remainder when t is divided by 37.
33
Suppose 0 = -7*l + 9*l - 5*p - 76, 56 = l + 2*p. What is the remainder when 149 is divided by l?
5
Suppose -27 = -g - 2. Suppose 21*b = -17*b + 8512. Suppose -7*x = 126 - b. What is the remainder when g is divided by x?
11
Suppose 16*i = 18*i + 5*q - 317, 6 = 2*q. Calculate the remainder when i is divided by 93.
58
Let r = -45 + 63. Let f be 45/2 + r/(-36). Suppose 26*g - f*g = 40. Calculate the remainder when 17 is divided by g.
7
Let q = 2496 + -2289. Calculate the remainder when q is divided by 83.
41
Suppose 1254 = -28*l + 85*l - 684. Calculate the remainder when 577 is divided by l.
33
Let o = 1 + -7. Let f = -5813 - -5844. Calculate the remainder when f is divided by (o/(-5))/(5/50).
7
Let r be (-22)/4*(-22)/121. What is the remainder when 96 is divided by (7 - (29 + -5))/(-1*r)?
11
Let t = -14800 - -16182. Calculate the remainder when t is divided by 230.
2
Suppose 1230 - 1378 = -25*x + 1502. Calculate the remainder when x is divided by 56.
10
Suppose -k + 3*f + 53 = 0, 4*k + 1281*f - 329 = 1280*f. What is the remainder when 151 is divided by k?
71
Let f = -62 - -104. Suppose 5*g + a + 45 = 3*a, -2*g + 2*a - 24 = 0. Calculate the remainder when f is divided by (-15)/(-9)*(-4 - g).
2
Let s be 1 - -1*((-12)/4 - -2). Let u be 0 - s/(0 + (-4)/(-2)). Suppose 3*p + 2*c = -u*p + 35, -37 = -5*p + 2*c. What is the remainder when 42 is divided by p?
6
Suppose -4*g = -g + y - 47, 5*g - 79 = -2*y. Calculate the remainder when (-76)/114*-179*(-1 - -2 - -2) is divided by g.
13
Let q(z) = -280*z - 1682. Calculate the remainder when q(-8) is divided by 56.
54
Suppose 5*m = 2*d - 1680, 1115*m - 825 = -d + 1110*m. What is the remainder when d is divided by 42?
37
Suppose 8 = -6*t + 3*t - 4*a, -5*a + 20 = 0. Calculate the remainder when (3 - (-3 - t)) + 52 is divided by 17.
16
Let c(o) = 2*o**2 + 67*o - 2056. What is the remainder when 426 is divided by c(-53)?
8
Suppose -27*v - 732 + 1407 = 0. Calculate the remainder when 1719 is divided by v.
19
Let j(p) = -6*p + 1. Let q(d) = 44*d + 236. Let w(u) = -5*j(u) - q(u). Calculate the remainder when 154 is divided by w(-18).
0
Let w = -26 + 67. Let h = w - 31. Calculate the remainder when 0*(-2)/4 + 28 is divided by h.
8
Let n = 366 - 362. Suppose f + 2*k = 28, 88 = n*f + 6*k - 10*k. Calculate the remainder when 187 is divided by f.
19
Suppose 0*n = -3*n + 18. Suppose 13*u - 56 = 620. Let z = u + -11. Calculate the remainder when z is divided by n.
5
Let a = 221 + -91. Let r(b) = -91*b + 1382. Calculate the remainder when a is divided by r(15).
11
Suppose -4*q + 5*q = h - 1150, -1166 = -h - 3*q. Calculate the remainder when h is divided by 165.
164
Suppose -k - n = -0*n - 133, -4*n = 2*k - 270. Calculate the remainder when k is divided by 173/4 + (3 - (-55)/(-44)).
41
Suppose 0 = 5*d + 2*b - 22358, -61*b = -5*d - 58*b + 22388. What is the remainder when d is divided by 25?
24
Let w be (-10)/6 + (-36)/27. Let n(y) = 2*y**2 + 6. Let k(d) = d**2 - d + 1. Let a(t) = w*k(t) + n(t). Calculate the remainder when 14 is divided by a(3).
2
Let i = -8158 - -13457. What is the remainder when i is divided by 93?
91
Let m be ((-39)/(-9))/((-3)/(-54)). What is the remainder when 62 is divided by (-3)/((m/(-40))/13)?
2
Suppose 32134*q - 32106*q = 504. What is the remainder when 516 is divided by q?
12
Let s = 131 - 149. What is the remainder when 4/s - (-16144)/72 is divided by 19?
15
Let m(d) = 1149*d**2 + 200*d - 201. What is the remainder when m(1) is divided by 236?
204
Suppose -w = 4*r - 487, 2*w - 7*r = -8*r + 995. Calculate the remainder when w is divided by 211.
77
Suppose -6*x + 3 = -5*x. Suppose -49 = -4*d - 3*j, 4*d - j - 28 = x*j. Let a = 114 + -75. What is the remainder when a is divided by d?
9
Let v(t) = 7*t - 2*t**2 - 18*t + 12*t + 23*t**2 - 1. Suppose b - n - 75 = 0, -5*b + 4*n + 81 = -4*b. Calculate the remainder when b is divided by v(-1).
16
Let n = -65 - -71. Suppose 4*j - 61 = -k, n*k - k + 15 = 0. Suppose 0*z + 78 = 3*z. What is the remainder when z is divided by j?
10
Let q(x) = 35*x - 90. Let z be q(9). Suppose z = 8*c - 415. What is the remainder when c is divided by 28?
24
Let p = 98 - 73. Suppose -4*w + 27 = -p. Suppose 75 = 11*f - 8*f. What is the remainder when f is divided by w?
12
Let z = 1283 - 1270. Calculate the remainder when 139 is divided by z.
9
Let h be 0 - (4/(-16) + 11/(-4)). Suppose 0 = h*s - 3 - 3. What is the remainder when 62 is divided by (s/4)/(3/198)?
29
Suppose -5*d + 20 = 0, -5044 = -5*v - 5*d + 4*d. Suppose 583 = 43*c - v. Let l(s) = s**2 + 3*s + 2. What is the remainder when c is divided by l(-6)?
17
Suppose 4*n - 5*c = 1, -2*c + 4 = 5*n + 44. What is the remainder when 4 is divided by 455/105 - (16/n)/(-2)?
1
Let h(p) = 2*p**2 - 36*p + 26. What is the remainder when h(23) is divided by 163?
93
Let o be (-2)/5 - (-18373)/95. Let k = o - 157. Suppose -11 - 84 = -5*h. What is the remainder when k is divided by h?
17
Suppose 14*z - 46*z + 350316 = 42*z. What is the remainder when z is divided by 237?
231
Let d = 28859 + -28807. Calculate the remainder when 1066 is divided by d.
26
Suppose -2*v - n = -5*n - 384, 3 = 3*n. What is the remainder when v is divided by 5?
4
Suppose 2*k = -5*o + 5*k + 438, 3*o - 260 = -k. What is the remainder when 1435 is divided by o?
43
Let t(l) = 3*l**2 - 7*l + 3. Suppose 5 = k - 0*k. Suppose x - 3*h = 8, -5*x + h + 4 = -50. What is the remainder when t(k) is divided by x?
10
Let o = -7251 + 7328. Calculate the remainder when 207 is divided by o.
53
Let m be (-69)/253 - (-4227)/11. Suppose 0 = -20*t - 28*t + m. Calculate the remainder when 129 is divided by t.
1
Let r = 2728 + -1524. Calculate the remainder when r is divided by 401.
1
Let k = 4279 + -4090. Calculate the remainder when 582 is divided by k.
15
Let r = 6326 - 6158. What is the remainder when r is divided by 36?
24
Let j be -198 - 3/((-3)/(-2)). Let s = -81 - j. Suppose 162 = 5*d + 3*t, 0*t + t + 56 = 2*d. Calculate the remainder when s is divided by d.
29
Let t(j) = -2*j**2 + 318*j - 5820. Calculate the remainder when t(22) is divided by 186.
22
Let g(d) = 173*d**2 + d + 9. Let q(n) = -58*n**2 - 3. Let p(v) = 4*g(v) + 11*q(v). Calculate the remainder when 208 is divided by p(-1).
49
Let q(s) = -s**2 + 5*s + 17. Let f be q(7). Let k(z) = -2*z + 2. Calculate the remainder when -32*((-36)/(-16) - f) is divided by k(-6).
10
Let r = -5195 + 5218. Let o = 53 - -496. Calculate the remainder when o is divided by r.
20
Suppose -102*l + 13254 - 882 = -8946. What is the remainder when 1043 is divided by l?
207
Let z = -335 - -571. Let o = z - 78. What is the remainder when o is divided by 44082/1106 + -1*(-1)/7?
38
Suppose -8*a - r = -11*a + 8, 0 = 3*r + 15. Calculate the remainder when 159 is divided by a*-3 + (-806)/(-31).
21
What is the remainder when (-1)/(15/12) - (-5 + (-2308)/10) is divided by 6?
1
Let k(n) = 3*n**2 + n + 33. Let z(t) = t**3 - 23*t**2 + t - 11. Let d be z(23). Calculate the remainder when k(d) is divided by 24.
21
Let x(n) = 10*n + 1. Suppose -52 = 4*j, 18*m + 4*j = 5548 + 3993 + 3205. What is the remainder when m is divided by x(2)?
18
Let t = 22 + -21. Let f(j) = 6*j**2 - 1. Let g = -1559 + 1564. Calculate the remainder when g is divided by f(t).
0
Let h(y) = y**2 - 69*y - 664. What is the remainder when 1020 is divided by h(-9)?
32
Let i = -141 - -77. Let f = i + 118. What is the remainder when f is divided by ((-2)/4)/((-12)/72) + 8?
10
Let t(j) = j**3 - 9*j**2 + 15*j - 10. What is the remainder when 1871 is divided by t(9)?
121
Let q = -36